 13 + (133 - 3) + -33 + (-20 - -44)
118
15 + -71 + (-170 - -174)
-52
Calculate 18 - 94 - (14 + 5 + 0 + -6).
-89
Calculate (-5 - (-3 + -8)) + 6 + 4.
16
What is the value of (-20 - (20 + -13)) + -19?
-46
Evaluate (-33 - (7 + -14 + -133)) + 3 + 15.
125
What is 32 + -2 + (-2248 - -2176)?
-42
-131 - -41 - (-32 + 16)
-74
What is the value of 29 + (22 + 11 + -11 - 35)?
16
Calculate (627 - 685) + (-6 - (-2 + 31)).
-93
What is 14 - (67 + 124 + -77)?
-100
What is (29 - 94) + (70 - -1)?
6
(-12 - -7 - -18) + 31 + -16 + -46
-18
What is 18 + 102 + -9 + -48?
63
(-18 - -21) + 8 + -2 + 26
35
What is (2 - 1) + -1 + (73 - (13 + 57))?
3
(8 - 1) + (-36 - -43) + 10
24
Evaluate (7 - 9) + 32 + (8 - (15 + -8)).
31
1 - -35 - (-4 - -5) - (321 + -309)
23
-86 - (-45 - -140 - 48)
-133
Calculate 2855 + -2795 - (-1 + 68).
-7
What is the value of (-6 - (-24 + 5)) + -14 + 40?
39
What is 2 + -33 + -2 - (35 + -73 + 49)?
-44
Calculate 12 + (25 - 51) + -8 + 68 + -6.
40
Calculate (23 - 97) + (-100 - -135).
-39
13 + -45 + (77 - 52) - (26 + -7)
-26
Calculate -38 + 25 - (-227 - -281).
-67
Evaluate (37 - -6 - 102) + 18 - -162.
121
Evaluate (-57 - -34) + (-30 - (33 - 27)).
-59
What is the value of (3 - -17) + (23 - 26) + (-126 - -4)?
-105
Calculate -45 + -5 + 4 + 0 + (13 - 6) + -6.
-45
26 - (-4 + 87 + -110)
53
What is 13 - (0 + -30 - (-754 + 689))?
-22
-46 - (-52 - -59) - -81
28
25 - (89 - 41 - -28)
-51
What is the value of -98 + (173 + -151 - (-3 - -3))?
-76
What is -6 + (5 - 0) - -25 - (-10 - -20)?
14
What is (14 - 18 - 18) + 32 + -78?
-68
-72 + (30 + -36 - -54)
-24
Evaluate 10 + (3 + 22 - (88 + -24)).
-29
What is 34 + -46 + (3 - 0) + (9 - 9)?
-9
Calculate -11 + 1 + 41 + -33 - 2 - -7 - -22.
25
(35 + 34 - 84) + -12 + -1
-28
Evaluate (-54 - -30) + (-7 - (37 - 5)).
-63
13 - (0 + -43 + 54)
2
What is -6 + -29 - (-2 - (7 - (4 - -7)) - 2)?
-35
Evaluate (3 - 0 - 1) + (-10678 - -10677).
1
What is the value of 25 + 10 - 5 - (11 + -3 + 4 + -4)?
22
What is the value of 4 + 90 - ((8 - 15) + 34)?
67
(-4 - (130 - 121) - (53 + 0 + 1)) + 4
-63
Calculate 1 + -1 + (-24 - -28) - (-82 + 82).
4
Evaluate -67 - -72 - (48 + -81).
38
(24 - 46) + 93 - 36
35
What is -49 - (51 - (83 + 39))?
22
Calculate 1 - 28 - -14 - (10 + 3).
-26
-2 - -27 - (67 + -80 + (20 - 1))
19
Evaluate -28 - (-4 + 65 + -3 + -6).
-80
Evaluate -82 - ((153 - 72) + -135).
-28
What is the value of 16 + 22 + (-12 - -3) + (-4 - -16) + -2?
39
(13 - 31) + (0 - 2) + 4
-16
2 + -11 + 4 - (-108 + 115) - 9
-21
What is -31 - (24 - (4 + -1)) - -21?
-31
What is the value of 17 - (68 - 14) - -93?
56
What is the value of (-13 + -7 + 8 - (-28 - -16)) + 18?
18
387 - 391 - (34 - (7 + -7))
-38
What is the value of (-9 - 2) + (33 - 34) + -3 + -7?
-22
-153 - (-104 - 10) - 95
-134
11 + (-7 + 7 - 11) + (42 - 120)
-78
Calculate -331 - -380 - (2 + 3 + (-2 - 4)).
50
What is the value of 2 + -75 + 2 - (-41 - (-34 + 3))?
-61
-69 + 181 + -52 + -71
-11
What is the value of -65 + 145 + (9 + -5 - 13) + -3?
68
What is the value of 70 + 26 - (14 + -5 + -19 - -11)?
95
Evaluate (381 - 435) + (0 - (-1 - (-1 - -13))).
-41
Evaluate -11 - 0 - (-4 - -1 - -2) - (1496 + -1457).
-49
What is -58 + (-337 - -336 - (-1 + -9 - 2))?
-47
Evaluate -82 + 0 + -9 + -28 + 10 + 18.
-91
Calculate -1 + 22 + (-23 + -15 + 17 - -59).
59
Calculate -18 - (454 + -432 - (10 + (4 - 2))).
-28
What is 82 + 18 + (-28 - 15)?
57
What is the value of (-3 - (-21 - 2)) + (102 + -77 - -1)?
46
What is -108 + -3 + -23 + -1 + 45 + (-40 - -29)?
-101
-25 - (-124 + (-60 - -31 - -2))
126
Calculate 4 + -2 + (13 + -10 - 14) + 7 - -15.
13
What is 25 - 163 - (-48 + -20)?
-70
10 + (37 - 57) + -4 + 6
-8
What is the value of -15 + (-434 - -460 - (15 + 1))?
-5
Evaluate (3 - 8) + 17 - -8 - -18.
38
14 + (3 - 0) + -31 + 13
-1
Evaluate 12 + -5 + 2 + ((9 - 3) + -15 - -12).
12
Evaluate 4 - (-1 - -1) - (-2112 - -2184 - (-13 + 2)).
-79
-37 + (-47 + 64 + -17 - (1 - 9))
-29
What is the value of 51 + -1 + (-2893 - -2835)?
-8
Calculate 2 - -11 - ((21 - (38 + -37)) + -39).
32
What is the value of 8 + -3 + -5 + (14 - -3 - (8 - 1))?
10
What is the value of 1 + 0 + (-58 - 84) + 174?
33
What is the value of (1 - -21) + (-41679 - -41578)?
-79
91 + (5 - (1 - 17 - (-21 - 10 - -22)))
103
Calculate 14 + (-44 - (28 + -68)) + (17 - 1).
26
What is the value of (-1 - (-25 + -9 + 12)) + -29?
-8
What is 2 - (19 - (3 - -4 - (-10 + 28 + -13)))?
-15
Evaluate 61 - (31 - (-7 - (-14 + -3))).
40
What is -36 - (-33 + 26) - (12 - -11 - 6)?
-46
What is the value of 6 + (-666 - -684 - (-16 - -1))?
39
What is -73 + 33 + 98 + -16?
42
What is the value of 8 + -4 + -1 - (2 + 6) - -56?
51
What is the value of -82 + 0 - (-61 + 29 + 27)?
-77
9 + -68 + (7 - 18)
-70
What is -65 + 85 + 1 + (-9 - 0)?
12
What is 85 + 92 + -126 + 1 + -25?
27
What is the value of -21 + 41 + (-3 - -23) - -3?
43
Evaluate -3411 + 3361 + (48 - 1).
-3
57 + 77 + (-10 - 129)
-5
Evaluate -26 + -54 + 96 - 21.
-5
What is 123 - (36 - (78 + -116))?
49
What is 11 + -633 + 614 + (-1 - 0) + -3 + 1?
-11
Evaluate 0 + -22 + -76 + 90 + 17.
9
Calculate -34 - -16 - -63 - 4.
41
What is -51 + 31 - -46 - 40?
-14
(8 + 2 - (274 - 359)) + -8
87
What is the value of -10 + 0 + ((-4 - 24) + 5 - -5) + 4?
-24
Calculate 0 + (-3 + -1 + -2 + 0 - (601 + -585)).
-22
What is (-76 - (-20 + 0)) + 43?
-13
(125 - 82) + -67 + 1 + -2 + 12
-13
Evaluate (4 - (1 + 3)) + -13 - -54.
41
Calculate (944 - 993) + (2 - 0 - 10).
-57
5 + -7 + (1098 - 1174)
-78
-30 + 10 - (15 + -15 - 5)
-15
-18 + 39 + -4 + -17
0
What is the value of -316 + 332 + (1 - 31) - -12?
-2
Evaluate 18 - (38 + 11 - 23 - -79).
-87
What is -17794 - -17766 - ((0 - 20) + 0)?
-8
What is the value of (-57 - (-83 + 34) - (-1 - -8)) + -11?
-26
60 + (32 - (46 + -38) - (-1 + 14))
71
Calculate -81 + 73 + -6 + 22 + 46.
54
What is the value of 67 - (-70 + 39 + 64)?
34
29 - (-55 + 105 + -23)
2
Evaluate -31 + (-32 + 2 + 51 - 29).
-39
What is (36 - (-1 - -30)) + 23 - 13?
17
Calculate 360 + -373 + (20 - -3) + (17 - 1).
26
What is the value of -12 + 53 + 4 - 66?
-21
Evaluate (-38 - -2) + 25 + (73 - 84).
-22
Evaluate -91 - (81 - 53 - 113).
-6
Evaluate (-94 - -58) + 23 + 33.
20
24 - 0 - (16475 + -16345)
-106
Evaluate -131 + (-175 - -314) + (14 - (1 - 1)).
22
What is the value of -133 + 29 - -121 - -24?
41
What is the value of -81 - ((-78 - 60) + 52)?
5
What is -21 + 18 + 19 + -1 - (2 - -30)?
-17
Calculate (594 - 595) + (2 - 1 - (4 + -1)).
-3
What is 18 + (27 - (3 - (18 + -4)))?
56
Evaluate 37 - (0 + 19 + (-22 - -26)).
14
What is 106 + 1 + (-12 - (16 - (15 - -18)) - 14)?
98
Evaluate (28 - 7 - (0 - -11)) + (70 - (3 + 0)).
77
Evaluate -53 - (9 - (-9 + 0 + 74 + -58)).
-55
Evaluate 8 - (3 - 2 - (-14 - (15 + -3))).
-19
What is the value of (42 - 47 - (4 + -5 - 1)) + -6?
-9
(-14 + 28 - (159 + -12)) + (0 - 6) + 15
-124
Evaluate -11 + (-5 - -1 - (-23 + 7 + 13 + 1)).
-13
Calculate -110 - (-39 + -1 - 10 - -33).
-93
What is (3 - (0 - -1)) + (17 - (-13 + 30)) + 2?
4
What is (-22 - -9) + 7 - (6 + -5 + -2 + 3)?
-8
Calculate -1 + 0 + -5 - (64 - (65 + -69 + 23)).
-51
What is ((-6 - (-1 + 2)) + (-425 - -424) - -6) + -13?
-15
What is the value of (0 - 2) + (5 + -2 - (-37 - (-31 - 1)))?
6
Evaluate (325 - 353) + -2 + 5 + 23.
-2
What is (-11 - 1) + (-11 + 65 - (3 + -15 + 5))?
49
Calculate -44 - (-129 - -79) - (1 - -1).
4
What is the value of (-105 - (4 - 1)) + (-105 - -117) + -1?
-97
What is (18 - 5) + -41 + 3 + -4 + 5?
-24
-8 + 0 + (-4 - 0) + (6 - (34 - -1))
-41
What is -1 - 19 - ((-6 - (-7 - 14)) + 194 + -209)?
-20
Calculate -16 + (-23 - -20) - 0 - (2 - 12).
-9
What is the value of (-11 - 1 - (-180 + 154)) + -18 + -50?
-54
What is 42 - (-10 - (74 - 111))?
15
What is the value of -16 - (2 + -21 + 26 - (-50 + 1))?
-72
-64 - -4 - ((-20 - -32) + 8 + 1)
-81
What is the value of 6 + 0 + -12 + -9?
-15
What is the value of (20 - 4) + (106 - 19 - 168)?
-65
What is (-43 + -6 - -7 - -71) + -165?
-136
What is 0 + (29 - (45 + 5)) + -10?
-31
What is the value of (0 - (12 + -4)) + (2 - (-18 - -28)) + 0?
-16
Evaluate 53 + -46 - ((6 - 1) + -12 + (0 - 2)).
16
What is -21 + -15 + 2 + -2 + 2711 + -2599?
76
What is -14 - (-43 - -9) - -4 - (-8 + 2)?
30
What is the value of -6 + (7 - 0) - 3 - (-7 + 14)?
-9
What is -9 + 6 + 4 + -2 + 14 + -2?
11
Calculate 138 + (-5 - -6) - (-15 + (-4 - -28) - -5).
125
-1324 + 1266 - (-1 - -5)
-62
124 + -50 - 